o(l) be the third derivative of l**5/30 - 5*l**4/24 + l**3/3 + 12*l**2. What is the tens digit of o(n)?
8
Let n = 1619 + -711. What is the hundreds digit of n?
9
Let p = 153 + 42. Suppose -p - 57 = -7*q. What is the units digit of q?
6
Let d(l) = -39*l**3 - 2*l**2 - 8*l + 13. Let h be d(3). Let f = 1959 + h. What is the hundreds digit of f?
8
Let l = 5 - 67. Let b = 67 + l. Suppose k - b*f - 40 = -k, 4*k + 3*f - 28 = 0. What is the units digit of k?
0
Suppose -j - 2*f + 4 = 0, 8*j = 4*j + f - 11. What is the tens digit of 28*409/16 + j/(-8)?
1
Let v(y) = -y**3 + 7*y**2 - 4*y + 1. Let t(j) = -4*j**3 + 22*j**2 - 13*j + 4. Let n(g) = -2*t(g) + 7*v(g). Let p = 35 - 38. What is the tens digit of n(p)?
2
Let v(f) = -4791*f**3 + 6*f**2 + 9*f + 3. What is the hundreds digit of v(-1)?
7
Let a(i) = -87*i - 9 - 91*i + 13 - 8. What is the hundreds digit of a(-2)?
3
Let b = 309 + -698. Let u = b + 391. What is the units digit of u?
2
Let g(u) = -26*u**2 + 31*u - 163. Let x(i) = 51*i**2 - 62*i + 325. Let n(q) = 5*g(q) + 3*x(q). What is the tens digit of n(5)?
8
Let p(k) = 2*k**2 + 6*k - 2699. What is the ten thousands digit of p(88)?
1
Suppose -s + 17 = 5*h, -2*s - 18 + 16 = -2*h. Suppose 3*u + 626 = -2*n + 3*n, 2*u = -s*n + 1284. What is the hundreds digit of n?
6
Let r = 22914 + 27117. What is the hundreds digit of r?
0
Suppose -971*x + 987*x = 108096. What is the thousands digit of x?
6
Let s(g) be the first derivative of 255*g**3 - 4*g**2 + 3*g + 144. What is the tens digit of s(1)?
6
Let k = -1936 - -4051. Let c = 2984 - k. What is the tens digit of c?
6
Let h be 20/2*73/(-146). Let u(b) = 53*b**2 + 26*b - 17. What is the hundreds digit of u(h)?
1
Let z = 110 - 110. Suppose z = -4*b + 5*u - 4*u + 14, -4*u - 23 = -5*b. Suppose b*t + 371 = 2*y, y - 751 = -3*y - 3*t. What is the tens digit of y?
8
Suppose 5*p = w + 26 + 17, w + 34 = 4*p. Let x(k) = -k + 22. Let n be x(p). What is the tens digit of (1/(8/(-210)))/(n/(-52))?
0
Suppose -r + 4*x + 1 = -0*r, -5 = -5*x. Suppose -390 = -r*i + 1730. What is the units digit of i?
4
Let v(w) = 14*w - 124*w**2 + 6 + 2*w**3 + 8 + 56*w**2 + 36*w**2. What is the hundreds digit of v(16)?
2
What is the hundreds digit of -423*-57*(-8)/(-72)?
6
Let y(r) = -r**2 - 146*r + 2101. What is the tens digit of y(-78)?
0
What is the units digit of ((9526 + 8)/(-14))/((-9)/6)?
4
Suppose 7*w = 9*w - 2*y - 912, -2*w = -5*y - 927. Suppose w = 14*i + 17. What is the tens digit of i?
3
What is the units digit of -14 + -160*(-128)/8?
6
Let o = -19633 + 23924. What is the thousands digit of o?
4
Let c = -28 + 36. Suppose -c*d + 12 = -2*d. What is the units digit of (71/d)/((-5)/(-10))?
1
Suppose -p - 4*g = -98, -77 + 7 = -p + 3*g. Let j be p*-1*(3 - 4). Suppose -2*z + 0*z = -2*v - j, -4*z + 162 = -3*v. What is the tens digit of z?
3
Suppose 4*u + 4235 = q, 3*q + u - 6412 - 6228 = 0. Suppose 329*m - 324*m = q. What is the tens digit of m?
4
What is the units digit of ((-2)/6 + 51191/15)/(8/20)?
1
Let u(g) = 2*g**2 + 52*g + 152. What is the tens digit of u(55)?
6
Suppose -122135 = 501*o - 505*o + 5*i, 5*o + 5*i - 152635 = 0. What is the tens digit of o?
3
Let w = -22 - -29. Suppose w*k = -277 - 283. Let a = 171 + k. What is the units digit of a?
1
Suppose -55*t - 24322 = -2*u - 58*t, 4*u + 4*t - 48644 = 0. What is the thousands digit of u?
2
Suppose -3*w + 79 + 1936 = -4*x, 4*w - 4*x = 2680. What is the hundreds digit of w?
6
Let s = -674 + 128. Let f = s + 935. What is the units digit of f?
9
Suppose -5*w + 2*w + 26465 = a, 0 = -2*w - a + 17645. What is the thousands digit of w?
8
Let d(n) be the first derivative of -n**4/2 - n**3 + 4*n**2 - 10*n - 120. What is the units digit of d(-5)?
5
Let g be (-48)/18*(-6)/4. Let z be (6/g)/((-9)/(-30)). Suppose 0 = -0*h + 3*h + z*q - 118, 5*q + 37 = 2*h. What is the tens digit of h?
3
Let n = 672 - 377. Suppose 7*z = 12*z - n. Suppose z = i - 57. What is the tens digit of i?
1
Suppose 0 = 18*k - 20*k - 114. Let o = k + 282. What is the units digit of o?
5
Let p = -1249 - -699. Let s = 1127 + p. What is the units digit of s?
7
Suppose -r - 3*z = -111, -5*r - 5*z = 182 - 707. What is the tens digit of (r/(-18) + 5)/((-10)/4185)?
7
Suppose 0 = -g + 3*d + 1115, -5*g + 3*d = -10*g + 5593. What is the units digit of g?
8
Suppose -382 = -4*k + 10. Let v be (-21)/(-6)*(k + 3 + -1). Suppose -v + 942 = 4*l. What is the tens digit of l?
4
Suppose -g + 14 = 3*r - 0, -3*r + 34 = -4*g. Suppose 3*x + 2*l = 1410, -r*l = -2*l. What is the units digit of x?
0
Let g(d) = 28*d**2 + 397*d - 134. What is the ten thousands digit of g(-35)?
2
Suppose 6 = -2*k, k = 4*r + 4*k + 29. Let b(l) = -8*l - 558 + 1019 - 482. What is the units digit of b(r)?
9
Suppose 2 - 22 = 5*c. Let m be c/(-1) - (0 - 0). What is the units digit of m/(-14) - 2360/(-28)?
4
Let y be (-140)/6 - ((-24)/18 + 0). What is the units digit of (11/y)/((-3)/846)?
1
Let q = 26667 + -15950. Suppose -18*z = -q + 2779. What is the hundreds digit of z?
4
Let a(q) = -395*q + 24. Let c be a(-4). Suppose -79*j + c = -75*j. What is the units digit of j?
1
Suppose 0 = 56*s + 16445 - 69869. Suppose -s = -15*d + 4761. What is the tens digit of d?
8
What is the tens digit of (135 + -717)*(-2 + 65/(-3))?
7
What is the tens digit of (10 + 939)/((2/(-54))/(4/(-6)))?
8
Let p = 475 - 299. Suppose -5*f = -4*f - p. Suppose -x = -4*o + x + f, -4*o + 176 = -4*x. What is the tens digit of o?
4
Let j = 53 + -40. Suppose -2*m + j = -1. Suppose m*b = b + 444. What is the tens digit of b?
7
What is the ten thousands digit of 247/285 + 4/30 - -15013?
1
Let p(i) = -3*i - 31. Let q(w) = 6*w + 61. Let g(v) = -5*p(v) - 3*q(v). Let b be g(-13). Suppose b*x + 342 = 17*x. What is the units digit of x?
7
Suppose -10*v = -22*v - 33036. Let s = 3902 + v. What is the hundreds digit of s?
1
Suppose v = 2*v + 3*u - 726, -4*v = 5*u - 2869. Let t = v - 640. What is the tens digit of t?
7
Let c = -290 + 680. Let x = 836 - c. What is the tens digit of x?
4
Let u = -78 - -41. Let q = u + 39. Suppose -2*m + 72 = q*m. What is the tens digit of m?
1
Suppose -47*p = -10*p - 38850. Suppose -5*m + p = 2*d, -2625 = -5*d + m + 4*m. What is the hundreds digit of d?
5
Suppose -1701 - 2223 = 18*r. Let f = 682 + r. What is the tens digit of f?
6
What is the thousands digit of 6/30 - (-5)/((-75)/(-100782))?
6
Suppose -8 = 19*w - 312. Suppose 0 = -u - 5*z + 548, 2*z = -2*z + w. What is the units digit of u?
8
Let p = -189 + 189. Suppose 4 = -2*t - p*t, -2*o = 4*t - 768. What is the units digit of o?
8
Let h(z) = 5*z**3 - 14*z**2 + 126*z - 53. What is the hundreds digit of h(11)?
2
Let t(l) = 5*l**3 + 10*l**2 - 16*l - 45. What is the thousands digit of t(11)?
7
Suppose 4*t + j + 10 = -0, -5*t - 2*j - 11 = 0. Let v be -4 - -13 - 2 - t. Suppose 2*o - 58 = -v. What is the tens digit of o?
2
Suppose 30*g = -153 + 33. What is the units digit of (26/4)/(12/(g - -52))?
6
Let o be (-18)/(-4)*(-16)/(-12). Suppose 39*d + 189 = 60*d. What is the units digit of (o/d*3)/1?
2
Suppose 2*f = 3*a - 17, -4*a + 2*f = -6*a + 18. Suppose -a = -5*q + 3. Suppose q*n = -2*d + 322, 20 = -3*n - 2*n. What is the tens digit of d?
6
Let x(p) be the first derivative of 3*p**2/2 + 43*p + 4. Let k be x(-15). What is the tens digit of k + 122 - (-1 + 4)?
1
What is the hundreds digit of 10/(-12)*20/25*-9117?
0
Let n = -188 + 285. Suppose n = -l + 559. What is the units digit of l?
2
Suppose 13*z - 14014 = 35*z. Let t = z + 1289. What is the tens digit of t?
5
Let t(d) = 317*d - 1901. What is the tens digit of t(40)?
7
What is the tens digit of 4593 - 156/(72/(-6))?
0
Let n = -447 - -450. What is the tens digit of ((-5004)/(-6))/(2/n)?
5
Suppose -97*o - 3*x + 42896 = -92*o, 2*o - 2*x - 17152 = 0. What is the thousands digit of o?
8
Let p be (252/(-27))/((-2)/(-6)*1). Let q be 8/p - -718*8/14. Suppose 2*a = 3*c - 0*c - q, -10 = -5*a. What is the units digit of c?
8
Let i be (-342)/(-4 - (-259)/70). What is the hundreds digit of 807240/i - 2/19?
7
Suppose -c + 4*w + 17 = 0, -6 = -4*w - 18. Suppose -2*s + 2189 = -p, 0*p - c*p = 25. What is the thousands digit of s?
1
Let a(j) = -j**2 + j + 9. Let w be a(-2). Suppose -5*v + 5 = -0*v, -5*v + 89 = -w*y. Let g = 60 + y. What is the units digit of g?
2
Suppose 7*b - 5*b + 4*b = 0. Suppose -4 = -i - b*i, 140